{"id":10,"date":"2025-10-15T10:23:31","date_gmt":"2025-10-15T10:23:31","guid":{"rendered":"https:\/\/lauraortizpsicologia.com\/?page_id=10"},"modified":"2026-02-25T14:14:33","modified_gmt":"2026-02-25T14:14:33","slug":"home","status":"publish","type":"page","link":"https:\/\/lauraortizpsicologia.com\/","title":{"rendered":"Home"},"content":{"rendered":"\t\t<div data-elementor-type=\"wp-page\" data-elementor-id=\"10\" class=\"elementor elementor-10\" data-elementor-post-type=\"page\">\n\t\t\t\t<div class=\"elementor-element elementor-element-1a61fef6 e-flex e-con-boxed e-con e-parent\" data-id=\"1a61fef6\" data-element_type=\"container\" data-settings=\"{&quot;background_background&quot;:&quot;classic&quot;}\">\n\t\t\t\t\t<div class=\"e-con-inner\">\n\t\t\t\t<div class=\"elementor-element elementor-element-991e8d5 elementor-widget-tablet__width-initial elementor-widget__width-initial elementor-invisible elementor-widget elementor-widget-heading\" data-id=\"991e8d5\" data-element_type=\"widget\" data-settings=\"{&quot;_animation&quot;:&quot;slideInLeft&quot;}\" data-widget_type=\"heading.default\">\n\t\t\t\t\t<h1 class=\"elementor-heading-title elementor-size-default\">Escucharte cambia todo<\/h1>\t\t\t\t<\/div>\n\t\t<div class=\"elementor-element elementor-element-1b362edd e-con-full e-flex e-con e-child\" data-id=\"1b362edd\" data-element_type=\"container\">\n\t\t\t\t<div class=\"elementor-element elementor-element-71c53e14 animated-slow elementor-invisible elementor-widget elementor-widget-text-editor\" data-id=\"71c53e14\" data-element_type=\"widget\" data-settings=\"{&quot;_animation&quot;:&quot;slideInLeft&quot;}\" data-widget_type=\"text-editor.default\">\n\t\t\t\t\t\t\t\t\t<p>Tu bienestar emocional tambi\u00e9n merece tiempo y espacio\u00a0<\/p>\t\t\t\t\t\t\t\t<\/div>\n\t\t\t\t<div class=\"elementor-element elementor-element-358cab0d animated-slow elementor-mobile-align-right elementor-invisible elementor-widget elementor-widget-button\" data-id=\"358cab0d\" data-element_type=\"widget\" data-settings=\"{&quot;_animation&quot;:&quot;slideInLeft&quot;,&quot;_animation_delay&quot;:400}\" data-widget_type=\"button.default\">\n\t\t\t\t\t\t\t\t\t\t<a class=\"elementor-button elementor-button-link elementor-size-sm elementor-animation-shrink\" href=\"https:\/\/lauraortizpsicologia.com\/index.php\/contacto\/\">\n\t\t\t\t\t\t<span class=\"elementor-button-content-wrapper\">\n\t\t\t\t\t\t\t\t\t<span class=\"elementor-button-text\">Reserva tu sesi\u00f3n<\/span>\n\t\t\t\t\t<\/span>\n\t\t\t\t\t<\/a>\n\t\t\t\t\t\t\t\t<\/div>\n\t\t\t\t<\/div>\n\t\t\t\t\t<\/div>\n\t\t\t\t<\/div>\n\t\t<div class=\"elementor-element elementor-element-3b3cbd0d e-flex e-con-boxed e-con e-parent\" data-id=\"3b3cbd0d\" data-element_type=\"container\" data-settings=\"{&quot;background_background&quot;:&quot;classic&quot;}\">\n\t\t\t\t\t<div class=\"e-con-inner\">\n\t\t<div class=\"elementor-element elementor-element-585aa7cd e-con-full e-flex e-con e-child\" data-id=\"585aa7cd\" data-element_type=\"container\" data-settings=\"{&quot;background_background&quot;:&quot;classic&quot;}\">\n\t\t\t\t<div class=\"elementor-element elementor-element-4d794c93 elementor-invisible elementor-widget elementor-widget-image\" data-id=\"4d794c93\" data-element_type=\"widget\" data-settings=\"{&quot;_animation&quot;:&quot;slideInLeft&quot;}\" data-widget_type=\"image.default\">\n\t\t\t\t\t\t\t\t\t\t\t\t\t\t\t<img decoding=\"async\" src=\"https:\/\/lauraortizpsicologia.com\/wp-content\/uploads\/elementor\/thumbs\/12_noviembre_DSC04897-Mejorado-NR-scaled-rhqle0sxyg11hb8pb0hrj3p4lv4r2e4721y3uthbbc.jpg\" title=\"12_noviembre_DSC04897-Mejorado-NR\" alt=\"12_noviembre_DSC04897-Mejorado-NR\" loading=\"lazy\" \/>\t\t\t\t\t\t\t\t\t\t\t\t\t\t\t<\/div>\n\t\t<div class=\"elementor-element elementor-element-2d0fe24c e-con-full e-flex elementor-invisible e-con e-child\" data-id=\"2d0fe24c\" data-element_type=\"container\" data-settings=\"{&quot;animation&quot;:&quot;slideInUp&quot;}\">\n\t\t\t\t<div class=\"elementor-element elementor-element-4416eec5 elementor-widget elementor-widget-image\" data-id=\"4416eec5\" data-element_type=\"widget\" data-widget_type=\"image.default\">\n\t\t\t\t\t\t\t\t\t\t\t\t\t\t\t<img fetchpriority=\"high\" decoding=\"async\" width=\"2560\" height=\"1707\" src=\"https:\/\/lauraortizpsicologia.com\/wp-content\/uploads\/2025\/11\/DSC04949-scaled.jpg\" class=\"attachment-full size-full wp-image-407\" alt=\"\" srcset=\"https:\/\/lauraortizpsicologia.com\/wp-content\/uploads\/2025\/11\/DSC04949-scaled.jpg 2560w, https:\/\/lauraortizpsicologia.com\/wp-content\/uploads\/2025\/11\/DSC04949-300x200.jpg 300w, https:\/\/lauraortizpsicologia.com\/wp-content\/uploads\/2025\/11\/DSC04949-1024x683.jpg 1024w, https:\/\/lauraortizpsicologia.com\/wp-content\/uploads\/2025\/11\/DSC04949-768x512.jpg 768w, https:\/\/lauraortizpsicologia.com\/wp-content\/uploads\/2025\/11\/DSC04949-1536x1024.jpg 1536w, https:\/\/lauraortizpsicologia.com\/wp-content\/uploads\/2025\/11\/DSC04949-2048x1365.jpg 2048w\" sizes=\"(max-width: 2560px) 100vw, 2560px\" \/>\t\t\t\t\t\t\t\t\t\t\t\t\t\t\t<\/div>\n\t\t\t\t<\/div>\n\t\t\t\t<\/div>\n\t\t<div class=\"elementor-element elementor-element-4d2b3c1b e-con-full e-flex e-con e-child\" data-id=\"4d2b3c1b\" data-element_type=\"container\">\n\t\t\t\t<div class=\"elementor-element elementor-element-233cb1fb elementor-widget__width-initial elementor-invisible elementor-widget elementor-widget-heading\" data-id=\"233cb1fb\" data-element_type=\"widget\" data-settings=\"{&quot;_animation&quot;:&quot;slideInLeft&quot;}\" data-widget_type=\"heading.default\">\n\t\t\t\t\t<h2 class=\"elementor-heading-title elementor-size-default\">Hola, soy Laura, psic\u00f3loga especializada en ansiedad, autoestima y relaciones personales<\/h2>\t\t\t\t<\/div>\n\t\t\t\t<div class=\"elementor-element elementor-element-55dc42b9 animated-slow elementor-invisible elementor-widget elementor-widget-text-editor\" data-id=\"55dc42b9\" data-element_type=\"widget\" data-settings=\"{&quot;_animation&quot;:&quot;slideInLeft&quot;}\" data-widget_type=\"text-editor.default\">\n\t\t\t\t\t\t\t\t\t<p class=\"p1\">Acompa\u00f1o a personas en momentos de cambio o dificultad, ofreci\u00e9ndoles apoyo para comprender lo que sienten y avanzar hacia un mayor bienestar.<\/p><p class=\"p1\">Mi enfoque es cercano e individualizado, creando un espacio seguro y respetuoso, ya sea en consulta presencial u online.<\/p>\t\t\t\t\t\t\t\t<\/div>\n\t\t\t\t<div class=\"elementor-element elementor-element-2139bb98 animated-slow elementor-tablet-align-center elementor-align-center elementor-invisible elementor-widget elementor-widget-button\" data-id=\"2139bb98\" data-element_type=\"widget\" data-settings=\"{&quot;_animation&quot;:&quot;slideInLeft&quot;}\" data-widget_type=\"button.default\">\n\t\t\t\t\t\t\t\t\t\t<a class=\"elementor-button elementor-button-link elementor-size-sm elementor-animation-shrink\" href=\"https:\/\/lauraortizpsicologia.com\/index.php\/sobre-mi\/\">\n\t\t\t\t\t\t<span class=\"elementor-button-content-wrapper\">\n\t\t\t\t\t\t\t\t\t<span class=\"elementor-button-text\">Con\u00f3ceme mejor<\/span>\n\t\t\t\t\t<\/span>\n\t\t\t\t\t<\/a>\n\t\t\t\t\t\t\t\t<\/div>\n\t\t\t\t<\/div>\n\t\t\t\t\t<\/div>\n\t\t\t\t<\/div>\n\t\t<div class=\"elementor-element elementor-element-697d7a5e e-flex e-con-boxed e-con e-parent\" data-id=\"697d7a5e\" data-element_type=\"container\">\n\t\t\t\t\t<div class=\"e-con-inner\">\n\t\t<div class=\"elementor-element elementor-element-7701ff57 e-con-full e-flex e-con e-child\" data-id=\"7701ff57\" data-element_type=\"container\">\n\t\t\t\t<div class=\"elementor-element elementor-element-790d875b elementor-widget__width-initial elementor-widget elementor-widget-heading\" data-id=\"790d875b\" data-element_type=\"widget\" data-widget_type=\"heading.default\">\n\t\t\t\t\t<h2 class=\"elementor-heading-title elementor-size-default\">SERVICIOS<\/h2>\t\t\t\t<\/div>\n\t\t\t\t<div class=\"elementor-element elementor-element-d28b0ae elementor-widget__width-initial elementor-widget elementor-widget-text-editor\" data-id=\"d28b0ae\" data-element_type=\"widget\" data-widget_type=\"text-editor.default\">\n\t\t\t\t\t\t\t\t\t<p class=\"p1\">Cada proceso terap\u00e9utico es \u00fanico. Juntos\/as exploraremos lo que te preocupa, identificaremos las causas y construiremos herramientas que te ayuden a sentirte mejor contigo y con los dem\u00e1s.<\/p>\t\t\t\t\t\t\t\t<\/div>\n\t\t\t\t<\/div>\n\t\t<div class=\"elementor-element elementor-element-5aed8a8d e-con-full e-flex e-con e-child\" data-id=\"5aed8a8d\" data-element_type=\"container\">\n\t\t<div class=\"elementor-element elementor-element-5647f98f e-con-full e-flex e-con e-child\" data-id=\"5647f98f\" data-element_type=\"container\">\n\t\t<div class=\"elementor-element elementor-element-393b8e3e e-con-full animated-fast e-flex e-con e-child\" data-id=\"393b8e3e\" data-element_type=\"container\" data-settings=\"{&quot;background_background&quot;:&quot;classic&quot;,&quot;animation&quot;:&quot;none&quot;}\">\n\t\t\t\t<div class=\"elementor-element elementor-element-1fffc8a elementor-position-top elementor-widget elementor-widget-image-box\" data-id=\"1fffc8a\" data-element_type=\"widget\" data-widget_type=\"image-box.default\">\n\t\t\t\t\t<div class=\"elementor-image-box-wrapper\"><figure class=\"elementor-image-box-img\"><img decoding=\"async\" width=\"300\" height=\"300\" src=\"https:\/\/lauraortizpsicologia.com\/wp-content\/uploads\/2025\/10\/CS79RA3d.png\" class=\"attachment-full size-full wp-image-26\" alt=\"\" srcset=\"https:\/\/lauraortizpsicologia.com\/wp-content\/uploads\/2025\/10\/CS79RA3d.png 300w, https:\/\/lauraortizpsicologia.com\/wp-content\/uploads\/2025\/10\/CS79RA3d-150x150.png 150w\" sizes=\"(max-width: 300px) 100vw, 300px\" \/><\/figure><div class=\"elementor-image-box-content\"><h4 class=\"elementor-image-box-title\">Ansiedad y estr\u00e9s<\/h4><p class=\"elementor-image-box-description\">Sensaci\u00f3n constante de preocupaci\u00f3n, tensi\u00f3n o inquietud que interfiere en tu bienestar y descanso.<\/p><\/div><\/div>\t\t\t\t<\/div>\n\t\t\t\t<\/div>\n\t\t<div class=\"elementor-element elementor-element-6bba023 e-con-full e-flex e-con e-child\" data-id=\"6bba023\" data-element_type=\"container\" data-settings=\"{&quot;background_background&quot;:&quot;classic&quot;,&quot;animation&quot;:&quot;none&quot;}\">\n\t\t\t\t<div class=\"elementor-element elementor-element-1667d5e elementor-position-top elementor-widget elementor-widget-image-box\" data-id=\"1667d5e\" data-element_type=\"widget\" data-widget_type=\"image-box.default\">\n\t\t\t\t\t<div class=\"elementor-image-box-wrapper\"><figure class=\"elementor-image-box-img\"><img decoding=\"async\" width=\"300\" height=\"300\" src=\"https:\/\/lauraortizpsicologia.com\/wp-content\/uploads\/2025\/10\/CS79RA3e.png\" class=\"attachment-full size-full wp-image-27\" alt=\"\" srcset=\"https:\/\/lauraortizpsicologia.com\/wp-content\/uploads\/2025\/10\/CS79RA3e.png 300w, https:\/\/lauraortizpsicologia.com\/wp-content\/uploads\/2025\/10\/CS79RA3e-150x150.png 150w\" sizes=\"(max-width: 300px) 100vw, 300px\" \/><\/figure><div class=\"elementor-image-box-content\"><h4 class=\"elementor-image-box-title\">Relaciones y Pareja<\/h4><p class=\"elementor-image-box-description\">Conflictos frecuentes, dificultades de comunicaci\u00f3n o v\u00ednculos que generan malentendidos.<\/p><\/div><\/div>\t\t\t\t<\/div>\n\t\t\t\t<\/div>\n\t\t\t\t<\/div>\n\t\t<div class=\"elementor-element elementor-element-0d97184 e-con-full e-flex e-con e-child\" data-id=\"0d97184\" data-element_type=\"container\">\n\t\t<div class=\"elementor-element elementor-element-8b0ebb9 e-con-full animated-fast e-flex e-con e-child\" data-id=\"8b0ebb9\" data-element_type=\"container\" data-settings=\"{&quot;background_background&quot;:&quot;classic&quot;,&quot;animation&quot;:&quot;none&quot;}\">\n\t\t\t\t<div class=\"elementor-element elementor-element-1d769ca elementor-position-top elementor-widget elementor-widget-image-box\" data-id=\"1d769ca\" data-element_type=\"widget\" data-widget_type=\"image-box.default\">\n\t\t\t\t\t<div class=\"elementor-image-box-wrapper\"><figure class=\"elementor-image-box-img\"><img loading=\"lazy\" decoding=\"async\" width=\"300\" height=\"300\" src=\"https:\/\/lauraortizpsicologia.com\/wp-content\/uploads\/2025\/10\/CS79RA3f.png\" class=\"attachment-full size-full wp-image-28\" alt=\"\" srcset=\"https:\/\/lauraortizpsicologia.com\/wp-content\/uploads\/2025\/10\/CS79RA3f.png 300w, https:\/\/lauraortizpsicologia.com\/wp-content\/uploads\/2025\/10\/CS79RA3f-150x150.png 150w\" sizes=\"(max-width: 300px) 100vw, 300px\" \/><\/figure><div class=\"elementor-image-box-content\"><h4 class=\"elementor-image-box-title\">Depresi\u00f3n y Motivaci\u00f3n<\/h4><p class=\"elementor-image-box-description\">Sentimientos persistentes de tristeza, p\u00e9rdida de inter\u00e9s o dificultad para encontrar energ\u00eda y prop\u00f3sito.<\/p><\/div><\/div>\t\t\t\t<\/div>\n\t\t\t\t<\/div>\n\t\t<div class=\"elementor-element elementor-element-4d79d29 e-con-full e-flex e-con e-child\" data-id=\"4d79d29\" data-element_type=\"container\" data-settings=\"{&quot;background_background&quot;:&quot;classic&quot;,&quot;animation&quot;:&quot;none&quot;}\">\n\t\t\t\t<div class=\"elementor-element elementor-element-7ac713a elementor-position-top elementor-widget elementor-widget-image-box\" data-id=\"7ac713a\" data-element_type=\"widget\" data-widget_type=\"image-box.default\">\n\t\t\t\t\t<div class=\"elementor-image-box-wrapper\"><figure class=\"elementor-image-box-img\"><img loading=\"lazy\" decoding=\"async\" width=\"300\" height=\"300\" src=\"https:\/\/lauraortizpsicologia.com\/wp-content\/uploads\/2025\/10\/CS79RA3g.png\" class=\"attachment-full size-full wp-image-29\" alt=\"\" srcset=\"https:\/\/lauraortizpsicologia.com\/wp-content\/uploads\/2025\/10\/CS79RA3g.png 300w, https:\/\/lauraortizpsicologia.com\/wp-content\/uploads\/2025\/10\/CS79RA3g-150x150.png 150w\" sizes=\"(max-width: 300px) 100vw, 300px\" \/><\/figure><div class=\"elementor-image-box-content\"><h4 class=\"elementor-image-box-title\"> Crecimiento Personal<\/h4><p class=\"elementor-image-box-description\">Autocr\u00edtica, inseguridad o bloqueo ante decisiones importantes. Recupera tu confianza y direcci\u00f3n.<\/p><\/div><\/div>\t\t\t\t<\/div>\n\t\t\t\t<\/div>\n\t\t\t\t<\/div>\n\t\t\t\t<\/div>\n\t\t\t\t<div class=\"elementor-element elementor-element-52ad51ed elementor-align-center elementor-widget elementor-widget-button\" data-id=\"52ad51ed\" data-element_type=\"widget\" data-widget_type=\"button.default\">\n\t\t\t\t\t\t\t\t\t\t<a class=\"elementor-button elementor-button-link elementor-size-sm elementor-animation-shrink\" href=\"https:\/\/lauraortizpsicologia.com\/index.php\/servicios\/\">\n\t\t\t\t\t\t<span class=\"elementor-button-content-wrapper\">\n\t\t\t\t\t\t\t\t\t<span class=\"elementor-button-text\">Encuentra tu servicio<\/span>\n\t\t\t\t\t<\/span>\n\t\t\t\t\t<\/a>\n\t\t\t\t\t\t\t\t<\/div>\n\t\t\t\t\t<\/div>\n\t\t\t\t<\/div>\n\t\t\t\t<\/div>\n\t\t","protected":false},"excerpt":{"rendered":"<p>Escucharte cambia todo Tu bienestar emocional tambi\u00e9n merece tiempo y espacio\u00a0 Reserva tu sesi\u00f3n Hola, soy Laura, psic\u00f3loga especializada en ansiedad, autoestima y relaciones personales Acompa\u00f1o a personas en momentos de cambio o dificultad, ofreci\u00e9ndoles apoyo para comprender lo que sienten y avanzar hacia un mayor bienestar. Mi enfoque es cercano e individualizado, creando un [&hellip;]<\/p>\n","protected":false},"author":1,"featured_media":0,"parent":0,"menu_order":0,"comment_status":"closed","ping_status":"closed","template":"elementor_header_footer","meta":{"_joinchat":[],"footnotes":""},"class_list":["post-10","page","type-page","status-publish","hentry"],"_links":{"self":[{"href":"https:\/\/lauraortizpsicologia.com\/index.php\/wp-json\/wp\/v2\/pages\/10","targetHints":{"allow":["GET"]}}],"collection":[{"href":"https:\/\/lauraortizpsicologia.com\/index.php\/wp-json\/wp\/v2\/pages"}],"about":[{"href":"https:\/\/lauraortizpsicologia.com\/index.php\/wp-json\/wp\/v2\/types\/page"}],"author":[{"embeddable":true,"href":"https:\/\/lauraortizpsicologia.com\/index.php\/wp-json\/wp\/v2\/users\/1"}],"replies":[{"embeddable":true,"href":"https:\/\/lauraortizpsicologia.com\/index.php\/wp-json\/wp\/v2\/comments?post=10"}],"version-history":[{"count":148,"href":"https:\/\/lauraortizpsicologia.com\/index.php\/wp-json\/wp\/v2\/pages\/10\/revisions"}],"predecessor-version":[{"id":550,"href":"https:\/\/lauraortizpsicologia.com\/index.php\/wp-json\/wp\/v2\/pages\/10\/revisions\/550"}],"wp:attachment":[{"href":"https:\/\/lauraortizpsicologia.com\/index.php\/wp-json\/wp\/v2\/media?parent=10"}],"curies":[{"name":"wp","href":"https:\/\/api.w.org\/{rel}","templated":true}]}}